rmine b(13).
-32
Let x(c) = c**3 + 13*c**2 - 13*c + 13. Calculate x(-14).
-1
Let k(j) = -3*j + 25. Determine k(7).
4
Let b(k) = k + 4. Give b(-13).
-9
Let n(h) = h**2 - 14*h - 16. Give n(14).
-16
Let z(o) = 16*o - 147. Calculate z(9).
-3
Let a(g) = -16*g + 3. What is a(1)?
-13
Let p(c) = 62*c + 3. Calculate p(0).
3
Let y(r) = r**3 + 7*r**2 + 13*r + 6. Calculate y(-5).
-9
Let x(y) = -y**3 + 16*y**2 + 37*y - 24. Calculate x(18).
-6
Let c(a) = a**3 + 4*a**2 - 11*a - 5. Give c(-8).
-173
Let m(h) = -2*h - 64. Calculate m(-20).
-24
Let s(x) = -x**3 + 20*x**2 + 18*x + 60. Give s(21).
-3
Let b(w) = -w**2 + 21*w - 19. Give b(20).
1
Let c(u) = -u**2 + 24*u + 61. What is c(26)?
9
Let d(i) = 15*i - 8. What is d(2)?
22
Let b(j) = j**2 - 3*j + 3. What is b(4)?
7
Let i(q) = -40*q + 7. Determine i(-2).
87
Let t(i) = -i**3 + i**2 + 9*i + 5. Give t(-3).
14
Let l(y) = -83*y - 3. Calculate l(2).
-169
Let l(o) = -24*o - 4. What is l(3)?
-76
Let n(g) = -g**3 + 13*g**2 - g + 3. Give n(13).
-10
Let x(o) = 7*o + 19. Give x(5).
54
Let z(c) = 38*c**3 + 1. Determine z(-1).
-37
Let i(v) = -2*v**2 + 17*v + 61. Give i(-3).
-8
Let g(b) = -3*b + 23. Give g(9).
-4
Let a(p) = p**3 + 20*p**2 - 18*p + 65. Calculate a(-21).
2
Let c(m) = -m**2 - 13*m - 39. Calculate c(-7).
3
Let o(w) = w + 73. What is o(5)?
78
Let l(p) = -6*p - 90. Calculate l(-13).
-12
Let c(v) = 4*v - 5. Calculate c(5).
15
Let y(p) = -3*p + 72. Determine y(23).
3
Let b(o) = 10*o + 35. What is b(7)?
105
Let q(f) = f**2 + 10*f - 32. What is q(-12)?
-8
Let t(i) = i**2 - 8*i + 13. Determine t(7).
6
Let b(h) = -2*h**2 - 2*h. Determine b(-2).
-4
Let o(v) = -3*v - 2. What is o(3)?
-11
Let z(l) = -3*l - 9. Give z(14).
-51
Let f(o) = o**2 - 15*o - 41. Calculate f(20).
59
Let l(i) = -3*i**2 + 2*i - 7. Calculate l(3).
-28
Let i(l) = -l**3 + 22*l**2 - 40*l - 2. Calculate i(20).
-2
Let g(o) = -o**3 + 6*o**2 + 4*o. Determine g(6).
24
Let h(z) = -z**2 + 6*z + 5. Determine h(8).
-11
Let g(v) = -v**3 - v + 3. What is g(2)?
-7
Let b(s) = 3*s + 2. What is b(4)?
14
Let l(y) = -2*y. Calculate l(4).
-8
Let y(a) = a**2 - 13*a - 13. Give y(17).
55
Let s(a) = -12*a - 22. Calculate s(-6).
50
Let d(l) = -4*l + 8. Calculate d(-3).
20
Let o(l) = -l**3 - 16*l**2 + 17*l - 6. Calculate o(-17).
-6
Let z(k) = 3*k**2 + 22*k + 6. Give z(-7).
-1
Let l(i) = -i**2 - 5*i - 12. What is l(10)?
-162
Let z(b) = b**3 - 5*b**2 - 6*b - 10. Determine z(7).
46
Let z(w) = 2*w - 1. Determine z(7).
13
Let r(d) = -d**3 + 7*d**2 + d + 8. Calculate r(7).
15
Let a(j) = -42*j - 204. Calculate a(-5).
6
Let f(b) = b**2 + 13*b + 27. Determine f(-12).
15
Let s(l) = -l**3 + 15*l - 23. What is s(0)?
-23
Let z(y) = y**2 + 9*y - 15. Determine z(-10).
-5
Let o(m) = m**3 - m**2 - 2*m - 23. What is o(0)?
-23
Let d(b) = -b**3 + 4*b**2 - 6. Calculate d(4).
-6
Let u(k) = -3*k**2 - 4*k - 9. What is u(-4)?
-41
Let f(z) = -206*z + 419. Determine f(2).
7
Let q(o) = -o**2 + 5*o - 6. Calculate q(4).
-2
Let g(b) = b - 5. What is g(0)?
-5
Let j(t) = 6*t + 1. Give j(1).
7
Let o(z) = z**3 - 27*z**2 + 2*z - 60. Calculate o(27).
-6
Let b(h) = -h**3 + 5*h**2 - h - 21. What is b(4)?
-9
Let i(y) = -y - 9. Give i(-13).
4
Let l(z) = -30*z + 273. Give l(9).
3
Let z(c) = -7*c - 16. Determine z(-4).
12
Let r(u) = -15*u + 10. Calculate r(6).
-80
Let i(q) = -q**2 + 7*q + 13. Give i(6).
19
Let s(u) = -u**2 - 11*u - 30. What is s(-17)?
-132
Let y(b) = -b + 1. What is y(0)?
1
Let y(r) = -r**2 + 16*r - 10. Give y(20).
-90
Let t(k) = -k + 17. Calculate t(28).
-11
Let y(u) = u**3 - 7*u. Calculate y(-3).
-6
Let a(u) = u - 13. Give a(10).
-3
Let y(m) = m**3 - m**2 - 2*m + 4. Give y(0).
4
Let m(a) = -a**3 + 10*a**2 - 9*a + 1. Give m(9).
1
Let i(s) = 27*s - 21. Give i(5).
114
Let d(y) = -y + 13. What is d(0)?
13
Let m(z) = -50*z + 31. Calculate m(3).
-119
Let k(j) = -2*j - 46. What is k(11)?
-68
Let p(w) = w - 18. Determine p(-8).
-26
Let g(u) = 5*u**2 - 4*u + 2. What is g(2)?
14
Let d(a) = -4*a - 11. Give d(8).
-43
Let b(l) = 9*l**2 + 2*l + 4. Determine b(0).
4
Let b(n) = n**2 + 6*n + 6. What is b(-2)?
-2
Let v(y) = y**3 - 18*y**2 + 27*y + 72. What is v(16)?
-8
Let m(p) = p**3 - 2*p. Give m(-2).
-4
Let z(r) = 7*r + 42. Determine z(-7).
-7
Let p(k) = k**2 - 5*k - 80. What is p(-7)?
4
Let w(b) = 2*b**2 - 13*b + 9. Give w(6).
3
Let c(i) = i**2 - 14*i + 15. Calculate c(14).
15
Let d(g) = g**3 - 5*g**2 + 7*g + 1. Calculate d(3).
4
Let s(t) = t**3 + 19*t**2 - 2*t - 31. Give s(-19).
7
Let q(y) = 47*y + 1. What is q(1)?
48
Let b(v) = -3*v - 14. What is b(-5)?
1
Let l(h) = -8*h + 153. Determine l(13).
49
Let u(m) = m**3 - 7*m**2 - 4. Determine u(6).
-40
Let g(b) = -33*b + 161. What is g(6)?
-37
Let i(q) = 12*q + 2. Determine i(-6).
-70
Let u(y) = -y**2 + 11*y - 12. What is u(12)?
-24
Let x(w) = w**2 - 2*w - 61. Determine x(8).
-13
Let x(c) = 4*c**3 + c**2 + c - 1. Calculate x(1).
5
Let w(z) = z**3 - 27*z**2 - 31*z + 85. Calculate w(28).
1
Let b(l) = l**3 - l**2 + l + 10. Give b(0).
10
Let g(l) = -2*l - 20. What is g(6)?
-32
Let s(p) = p**3 - 6*p**2 - 3*p - 9. What is s(7)?
19
Let x(b) = b**2 + 15*b + 58. What is x(-7)?
2
Let k(i) = 11*i - 69. Determine k(8).
19
Let j(i) = i**2 + 4*i + 8. What is j(-3)?
5
Let j(h) = 21*h + 5. Give j(1).
26
Let j(k) = -k**3 + 6*k**2 - 7*k + 5. Calculate j(5).
-5
Let a(t) = 10*t - 10. Give a(4).
30
Let a(h) = -h**2 - 20*h + 5. Give a(-23).
-64
Let t(i) = i**3 - 11*i**2 - 12*i + 8. What is t(12)?
8
Let s(q) = q**3 - 15*q**2 - 32*q - 16. Determine s(17).
18
Let s(y) = -3*y**3 - y**2 + 7*y + 7. Calculate s(-3).
58
Let f(g) = -11*g**2 + 8*g. Give f(-2).
-60
Let b(c) = -3*c - 27. Calculate b(-10).
3
Let s(l) = -l**3 + 22*l**2 + 76*l - 21. Calculate s(25).
4
Let l(c) = -c**3 - 11*c**2 - c - 9. Determine l(-11).
2
Let v(m) = -133*m - 536. What is v(-4)?
-4
Let u(j) = j**2 - 4. Give u(5).
21
Let c(d) = -d**2 - 2*d - 22. Determine c(4).
-46
Let l(h) = -4*h + 1. Give l(-13).
53
Let i(f) = f**2 + 12*f + 15. Determine i(-11).
4
Let q(g) = -g**2 - 11*g + 18. Give q(-13).
-8
Let j(f) = 4*f + 40. Give j(-7).
12
Let p(y) = -13*y + 1. Give p(-7).
92
Let d(v) = v**3 - v**2 + v + 27. Give d(0).
27
Let p(i) = -i**3 + 12*i**2 - 9*i - 23. Determine p(11).
-1
Let b(w) = w**3 - 5*w**2 - 12*w + 55. Determine b(5).
-5
Let o(v) = v**3 + v**2 - 8*v + 6. Calculate o(-5).
-54
Let u(r) = -r**3 - 7*r**2 - 5*r + 6. Calculate u(-6).
0
Let w(b) = 20*b - 12. Calculate w(4).
68
Let z(y) = 8*y + 382. What is z(-49)?
-10
Let g(w) = -115*w + 114. Calculate g(1).
-1
Let u(b) = -2*b - 10. Give u(-4).
-2
Let a(j) = j**2 + 12*j - 80. Calculate a(-17).
5
Let s(k) = -k**3 - 16*k**2 - 33*k - 63. Determine s(-14).
7
Let b(v) = 4*v - 3. What is b(6)?
21
Let v(y) = 10*y - 1. Calculate v(5).
49
Let m(u) = u**3 - 5*u**2 - 9*u - 7. Calculate m(7).
28
Let w(h) = 10*h - 1. What is w(1)?
9
Let l(z) = 33*z**3 - z**2 - z + 1. What is l(-1)?
-32
Let n(a) = 2*a**2 - 50*a - 170. Give n(-3).
-2
Let x(r) = -r**3 + r. Give x(-3).
24
Let m(o) = o**2 - 10*o - 11. Determine m(11).
0
Let w(b) = 22*b - 61. What is w(3)?
5
Let z(i) = i + 21. Give z(-10).
11
Let s(r) = -6*r + 55. What is s(10)?
-5
Let l(x) = x**3 + x**2 + 3*x + 5. Calculate l(-2).
-5
Let u(m) = 5*m**3 + m**2 + m + 1. Calculate u(-1).
-4
Let g(q) = -17*q + 1. Determine g(-2).
35
Let d(k) = k**3 - 16*k - 26. What is d(-3)?
-5
Let d(n) = -29*n + 292. What is d(10)?
2
Let s(f) = -3*f + 14. Calculate s(5).
-1
Let f(r) = 2*r - 22. What is f(9)?
-4
Let q(a) = a**2 + 14*a + 28. Calculate q(-13).
15
Let s(q) = -3*q + 108. Determine s(26).
30
Let j(v) = -20*v + 102. Give j(6).
-18
Let j(g) = 2*g - 13. Determine j(9).
5
Let t(z) = -6*z - 122. What is t(-20)?
-2
Let t(q) = q - 27. What is t(15)?
-12
Let d(z) = 5*z - 73. Calculate d(18).
17
Let f(a) = a**2 - 15*a - 3. What is f(15)?
-3
Let l(r) = r**2 + 8*r + 10. Determine l(-5).
-5
Let d(r) = 2*r**3 + 4*r**2 - r - 1. Determine d(-3).
-16
Let m(s) = -s**2 + s + 7. Calculate m(4).
-5
Let v(r) = r**3 - 7*r**2 - 9*r - 4. Give v(8).
-12
Let f(s) = -s**2 + 3*s + 60. Give f(13).
-70
Let j(s) = -s**3 + 6*s**2 - 9*s + 7. Calculate j(6).
-47
Let i(p) = p**2 + 8*p + 11. Determine i(-2).
-1
Let d(k) = k**2 + 10*k - 16. Calculate d(-13).
23
Let j(d) = -11*d**2 - 6*d - 12. Give j(-2).
-44
Let u(n) = -88*n - 528. Determine u(-6).
0
Let k(l) = l + 4. What is k(-2)?
2